{"id":12542,"date":"2016-01-18T00:00:00","date_gmt":"2016-01-18T00:00:00","guid":{"rendered":"https:\/\/www.eelabels.comfestivalbaendchen\/"},"modified":"2021-04-22T14:20:21","modified_gmt":"2021-04-22T14:20:21","slug":"festivalbaendchen","status":"publish","type":"page","link":"https:\/\/www.eelabels.com\/de\/produkten\/festivalbaendchen\/","title":{"rendered":"Festivalb\u00e4ndchen"},"content":{"rendered":"<h1>Kein Festival ohne Festivalb\u00e4ndchen<\/h1>\n<p>Ein sch\u00f6n gewebtes oder bedrucktes Armb\u00e4ndchen ist ein perfektes Gadget f\u00fcr Festivals oder Events. Es ist von den gro\u00dfen Festivals \u00fcberall auf der Welt kaum noch wegzudenken. EE Labelpack entwirft, druckt und webt Festivalb\u00e4ndchen, Armb\u00e4ndchen oder ID-B\u00e4ndchen.<\/p>\n<h3>Warum B\u00e4ndchen f\u00fcr ein Festival?<\/h3>\n<p>Die B\u00e4ndchen erf\u00fcllen mehrere Funktionen. Sie werden nicht nur gesammelt, sondern dienen auch als Eintrittskarte oder Zugangsticket.<\/p>\n","protected":false},"excerpt":{"rendered":"<p>Kein Festival ohne Festivalb\u00e4ndchen Ein sch\u00f6n gewebtes oder bedrucktes Armb\u00e4ndchen ist ein perfektes Gadget f\u00fcr Festivals oder Events. Es ist von den gro\u00dfen Festivals \u00fcberall auf der Welt kaum noch wegzudenken. EE Labelpack entwirft, druckt und webt Festivalb\u00e4ndchen, Armb\u00e4ndchen oder ID-B\u00e4ndchen. Warum B\u00e4ndchen f\u00fcr ein Festival? Die B\u00e4ndchen erf\u00fcllen mehrere Funktionen. Sie werden nicht nur [&#8230;]<\/p>\n<p><a class=\"btn btn-dark understrap-read-more-link\" href=\"https:\/\/www.eelabels.com\/de\/produkten\/festivalbaendchen\/\">Weiterlesen\u00a0\u2026<span class=\"screen-reader-text\"> from Festivalb\u00e4ndchen<\/span><\/a><\/p>\n","protected":false},"author":1,"featured_media":17143,"parent":13631,"menu_order":0,"comment_status":"open","ping_status":"open","template":"template-custom\/product-single-menu.php","meta":{"_acf_changed":false,"footnotes":""},"class_list":["post-12542","page","type-page","status-publish","has-post-thumbnail","hentry"],"acf":[],"yoast_head":"<!-- This site is optimized with the Yoast SEO plugin v24.6 - https:\/\/yoast.com\/wordpress\/plugins\/seo\/ -->\n<title>Festivalb\u00e4ndchen - EE Labels<\/title>\n<meta name=\"description\" content=\"EE Labelpack entwirft, druckt und webt Festivalb\u00e4ndchen, Armb\u00e4ndchen oder ID-B\u00e4ndchen.\" \/>\n<meta name=\"robots\" content=\"index, follow, max-snippet:-1, max-image-preview:large, max-video-preview:-1\" \/>\n<link rel=\"canonical\" href=\"https:\/\/www.eelabels.com\/de\/produkten\/festivalbaendchen\/\" \/>\n<meta property=\"og:locale\" content=\"de_DE\" \/>\n<meta property=\"og:type\" content=\"article\" \/>\n<meta property=\"og:title\" content=\"Festivalb\u00e4ndchen - EE Labels\" \/>\n<meta property=\"og:description\" content=\"EE Labelpack entwirft, druckt und webt Festivalb\u00e4ndchen, Armb\u00e4ndchen oder ID-B\u00e4ndchen.\" \/>\n<meta property=\"og:url\" content=\"https:\/\/www.eelabels.com\/de\/produkten\/festivalbaendchen\/\" \/>\n<meta property=\"og:site_name\" content=\"EE Labels\" \/>\n<meta property=\"article:modified_time\" content=\"2021-04-22T14:20:21+00:00\" \/>\n<meta property=\"og:image\" content=\"https:\/\/www.eelabels.com\/wp-content\/uploads\/2020\/01\/polsbandjes_festivals.jpg\" \/>\n\t<meta property=\"og:image:width\" content=\"1800\" \/>\n\t<meta property=\"og:image:height\" content=\"473\" \/>\n\t<meta property=\"og:image:type\" content=\"image\/jpeg\" \/>\n<meta name=\"twitter:card\" content=\"summary_large_image\" \/>\n<script type=\"application\/ld+json\" class=\"yoast-schema-graph\">{\"@context\":\"https:\/\/schema.org\",\"@graph\":[{\"@type\":\"WebPage\",\"@id\":\"https:\/\/www.eelabels.com\/de\/produkten\/festivalbaendchen\/\",\"url\":\"https:\/\/www.eelabels.com\/de\/produkten\/festivalbaendchen\/\",\"name\":\"Festivalb\u00e4ndchen - EE Labels\",\"isPartOf\":{\"@id\":\"https:\/\/www.eelabels.com\/#website\"},\"primaryImageOfPage\":{\"@id\":\"https:\/\/www.eelabels.com\/de\/produkten\/festivalbaendchen\/#primaryimage\"},\"image\":{\"@id\":\"https:\/\/www.eelabels.com\/de\/produkten\/festivalbaendchen\/#primaryimage\"},\"thumbnailUrl\":\"https:\/\/www.eelabels.com\/wp-content\/uploads\/2020\/01\/polsbandjes_festivals.jpg\",\"datePublished\":\"2016-01-18T00:00:00+00:00\",\"dateModified\":\"2021-04-22T14:20:21+00:00\",\"description\":\"EE Labelpack entwirft, druckt und webt Festivalb\u00e4ndchen, Armb\u00e4ndchen oder ID-B\u00e4ndchen.\",\"breadcrumb\":{\"@id\":\"https:\/\/www.eelabels.com\/de\/produkten\/festivalbaendchen\/#breadcrumb\"},\"inLanguage\":\"de\",\"potentialAction\":[{\"@type\":\"ReadAction\",\"target\":[\"https:\/\/www.eelabels.com\/de\/produkten\/festivalbaendchen\/\"]}]},{\"@type\":\"ImageObject\",\"inLanguage\":\"de\",\"@id\":\"https:\/\/www.eelabels.com\/de\/produkten\/festivalbaendchen\/#primaryimage\",\"url\":\"https:\/\/www.eelabels.com\/wp-content\/uploads\/2020\/01\/polsbandjes_festivals.jpg\",\"contentUrl\":\"https:\/\/www.eelabels.com\/wp-content\/uploads\/2020\/01\/polsbandjes_festivals.jpg\",\"width\":1800,\"height\":473,\"caption\":\"festival bandjes geweven\"},{\"@type\":\"BreadcrumbList\",\"@id\":\"https:\/\/www.eelabels.com\/de\/produkten\/festivalbaendchen\/#breadcrumb\",\"itemListElement\":[{\"@type\":\"ListItem\",\"position\":1,\"name\":\"Home\",\"item\":\"https:\/\/www.eelabels.com\/de\/\"},{\"@type\":\"ListItem\",\"position\":2,\"name\":\"Produkten\",\"item\":\"https:\/\/www.eelabels.com\/de\/produkten\/\"},{\"@type\":\"ListItem\",\"position\":3,\"name\":\"Festivalb\u00e4ndchen\"}]},{\"@type\":\"WebSite\",\"@id\":\"https:\/\/www.eelabels.com\/#website\",\"url\":\"https:\/\/www.eelabels.com\/\",\"name\":\"EE Labels\",\"description\":\"Specialist in geweven labels, gedrukte labels, hangtags &amp; branding\",\"potentialAction\":[{\"@type\":\"SearchAction\",\"target\":{\"@type\":\"EntryPoint\",\"urlTemplate\":\"https:\/\/www.eelabels.com\/?s={search_term_string}\"},\"query-input\":{\"@type\":\"PropertyValueSpecification\",\"valueRequired\":true,\"valueName\":\"search_term_string\"}}],\"inLanguage\":\"de\"}]}<\/script>\n<!-- \/ Yoast SEO plugin. -->","yoast_head_json":{"title":"Festivalb\u00e4ndchen - EE Labels","description":"EE Labelpack entwirft, druckt und webt Festivalb\u00e4ndchen, Armb\u00e4ndchen oder ID-B\u00e4ndchen.","robots":{"index":"index","follow":"follow","max-snippet":"max-snippet:-1","max-image-preview":"max-image-preview:large","max-video-preview":"max-video-preview:-1"},"canonical":"https:\/\/www.eelabels.com\/de\/produkten\/festivalbaendchen\/","og_locale":"de_DE","og_type":"article","og_title":"Festivalb\u00e4ndchen - EE Labels","og_description":"EE Labelpack entwirft, druckt und webt Festivalb\u00e4ndchen, Armb\u00e4ndchen oder ID-B\u00e4ndchen.","og_url":"https:\/\/www.eelabels.com\/de\/produkten\/festivalbaendchen\/","og_site_name":"EE Labels","article_modified_time":"2021-04-22T14:20:21+00:00","og_image":[{"width":1800,"height":473,"url":"https:\/\/www.eelabels.com\/wp-content\/uploads\/2020\/01\/polsbandjes_festivals.jpg","type":"image\/jpeg"}],"twitter_card":"summary_large_image","schema":{"@context":"https:\/\/schema.org","@graph":[{"@type":"WebPage","@id":"https:\/\/www.eelabels.com\/de\/produkten\/festivalbaendchen\/","url":"https:\/\/www.eelabels.com\/de\/produkten\/festivalbaendchen\/","name":"Festivalb\u00e4ndchen - EE Labels","isPartOf":{"@id":"https:\/\/www.eelabels.com\/#website"},"primaryImageOfPage":{"@id":"https:\/\/www.eelabels.com\/de\/produkten\/festivalbaendchen\/#primaryimage"},"image":{"@id":"https:\/\/www.eelabels.com\/de\/produkten\/festivalbaendchen\/#primaryimage"},"thumbnailUrl":"https:\/\/www.eelabels.com\/wp-content\/uploads\/2020\/01\/polsbandjes_festivals.jpg","datePublished":"2016-01-18T00:00:00+00:00","dateModified":"2021-04-22T14:20:21+00:00","description":"EE Labelpack entwirft, druckt und webt Festivalb\u00e4ndchen, Armb\u00e4ndchen oder ID-B\u00e4ndchen.","breadcrumb":{"@id":"https:\/\/www.eelabels.com\/de\/produkten\/festivalbaendchen\/#breadcrumb"},"inLanguage":"de","potentialAction":[{"@type":"ReadAction","target":["https:\/\/www.eelabels.com\/de\/produkten\/festivalbaendchen\/"]}]},{"@type":"ImageObject","inLanguage":"de","@id":"https:\/\/www.eelabels.com\/de\/produkten\/festivalbaendchen\/#primaryimage","url":"https:\/\/www.eelabels.com\/wp-content\/uploads\/2020\/01\/polsbandjes_festivals.jpg","contentUrl":"https:\/\/www.eelabels.com\/wp-content\/uploads\/2020\/01\/polsbandjes_festivals.jpg","width":1800,"height":473,"caption":"festival bandjes geweven"},{"@type":"BreadcrumbList","@id":"https:\/\/www.eelabels.com\/de\/produkten\/festivalbaendchen\/#breadcrumb","itemListElement":[{"@type":"ListItem","position":1,"name":"Home","item":"https:\/\/www.eelabels.com\/de\/"},{"@type":"ListItem","position":2,"name":"Produkten","item":"https:\/\/www.eelabels.com\/de\/produkten\/"},{"@type":"ListItem","position":3,"name":"Festivalb\u00e4ndchen"}]},{"@type":"WebSite","@id":"https:\/\/www.eelabels.com\/#website","url":"https:\/\/www.eelabels.com\/","name":"EE Labels","description":"Specialist in geweven labels, gedrukte labels, hangtags &amp; branding","potentialAction":[{"@type":"SearchAction","target":{"@type":"EntryPoint","urlTemplate":"https:\/\/www.eelabels.com\/?s={search_term_string}"},"query-input":{"@type":"PropertyValueSpecification","valueRequired":true,"valueName":"search_term_string"}}],"inLanguage":"de"}]}},"_links":{"self":[{"href":"https:\/\/www.eelabels.com\/de\/wp-json\/wp\/v2\/pages\/12542","targetHints":{"allow":["GET"]}}],"collection":[{"href":"https:\/\/www.eelabels.com\/de\/wp-json\/wp\/v2\/pages"}],"about":[{"href":"https:\/\/www.eelabels.com\/de\/wp-json\/wp\/v2\/types\/page"}],"author":[{"embeddable":true,"href":"https:\/\/www.eelabels.com\/de\/wp-json\/wp\/v2\/users\/1"}],"replies":[{"embeddable":true,"href":"https:\/\/www.eelabels.com\/de\/wp-json\/wp\/v2\/comments?post=12542"}],"version-history":[{"count":4,"href":"https:\/\/www.eelabels.com\/de\/wp-json\/wp\/v2\/pages\/12542\/revisions"}],"predecessor-version":[{"id":16180,"href":"https:\/\/www.eelabels.com\/de\/wp-json\/wp\/v2\/pages\/12542\/revisions\/16180"}],"up":[{"embeddable":true,"href":"https:\/\/www.eelabels.com\/de\/wp-json\/wp\/v2\/pages\/13631"}],"wp:featuredmedia":[{"embeddable":true,"href":"https:\/\/www.eelabels.com\/de\/wp-json\/wp\/v2\/media\/17143"}],"wp:attachment":[{"href":"https:\/\/www.eelabels.com\/de\/wp-json\/wp\/v2\/media?parent=12542"}],"curies":[{"name":"wp","href":"https:\/\/api.w.org\/{rel}","templated":true}]}}

Festivalbändchen

<h1>Kein Festival ohne Festivalbändchen</h1>
<p>Ein schön gewebtes oder bedrucktes Armbändchen ist ein perfektes Gadget für Festivals oder Events. Es ist von den großen Festivals überall auf der Welt kaum noch wegzudenken. EE Labelpack entwirft, druckt und webt Festivalbändchen, Armbändchen oder ID-Bändchen.</p>
<h3>Warum Bändchen für ein Festival?</h3>
<p>Die Bändchen erfüllen mehrere Funktionen. Sie werden nicht nur gesammelt, sondern dienen auch als Eintrittskarte oder Zugangsticket.</p>

<p>Kein Festival ohne Festivalbändchen Ein schön gewebtes oder bedrucktes Armbändchen ist ein perfektes Gadget für Festivals oder Events. Es ist von den großen Festivals überall auf der Welt kaum noch wegzudenken. EE Labelpack entwirft, druckt und webt Festivalbändchen, Armbändchen oder ID-Bändchen. Warum Bändchen für ein Festival? Die Bändchen erfüllen mehrere Funktionen. Sie werden nicht nur [&#8230;]</p>
<p><a class="btn btn-dark understrap-read-more-link" href="https://www.eelabels.com/de/produkten/festivalbaendchen/">Weiterlesen …<span class="screen-reader-text"> from Festivalbändchen</span></a></p>

<!-- This site is optimized with the Yoast SEO plugin v24.6 - https://yoast.com/wordpress/plugins/seo/ -->
<title>Festivalbändchen - EE Labels</title>
<meta name="description" content="EE Labelpack entwirft, druckt und webt Festivalbändchen, Armbändchen oder ID-Bändchen." />
<meta name="robots" content="index, follow, max-snippet:-1, max-image-preview:large, max-video-preview:-1" />
<link rel="canonical" href="https://www.eelabels.com/de/produkten/festivalbaendchen/" />
<meta property="og:locale" content="de_DE" />
<meta property="og:type" content="article" />
<meta property="og:title" content="Festivalbändchen - EE Labels" />
<meta property="og:description" content="EE Labelpack entwirft, druckt und webt Festivalbändchen, Armbändchen oder ID-Bändchen." />
<meta property="og:url" content="https://www.eelabels.com/de/produkten/festivalbaendchen/" />
<meta property="og:site_name" content="EE Labels" />
<meta property="article:modified_time" content="2021-04-22T14:20:21+00:00" />
<meta property="og:image" content="https://www.eelabels.com/wp-content/uploads/2020/01/polsbandjes_festivals.jpg" />
	<meta property="og:image:width" content="1800" />
	<meta property="og:image:height" content="473" />
	<meta property="og:image:type" content="image/jpeg" />
<meta name="twitter:card" content="summary_large_image" />
<script type="application/ld+json" class="yoast-schema-graph">{"@context":"https://schema.org","@graph":[{"@type":"WebPage","@id":"https://www.eelabels.com/de/produkten/festivalbaendchen/","url":"https://www.eelabels.com/de/produkten/festivalbaendchen/","name":"Festivalbändchen - EE Labels","isPartOf":{"@id":"https://www.eelabels.com/#website"},"primaryImageOfPage":{"@id":"https://www.eelabels.com/de/produkten/festivalbaendchen/#primaryimage"},"image":{"@id":"https://www.eelabels.com/de/produkten/festivalbaendchen/#primaryimage"},"thumbnailUrl":"https://www.eelabels.com/wp-content/uploads/2020/01/polsbandjes_festivals.jpg","datePublished":"2016-01-18T00:00:00+00:00","dateModified":"2021-04-22T14:20:21+00:00","description":"EE Labelpack entwirft, druckt und webt Festivalbändchen, Armbändchen oder ID-Bändchen.","breadcrumb":{"@id":"https://www.eelabels.com/de/produkten/festivalbaendchen/#breadcrumb"},"inLanguage":"de","potentialAction":[{"@type":"ReadAction","target":["https://www.eelabels.com/de/produkten/festivalbaendchen/"]}]},{"@type":"ImageObject","inLanguage":"de","@id":"https://www.eelabels.com/de/produkten/festivalbaendchen/#primaryimage","url":"https://www.eelabels.com/wp-content/uploads/2020/01/polsbandjes_festivals.jpg","contentUrl":"https://www.eelabels.com/wp-content/uploads/2020/01/polsbandjes_festivals.jpg","width":1800,"height":473,"caption":"festival bandjes geweven"},{"@type":"BreadcrumbList","@id":"https://www.eelabels.com/de/produkten/festivalbaendchen/#breadcrumb","itemListElement":[{"@type":"ListItem","position":1,"name":"Home","item":"https://www.eelabels.com/de/"},{"@type":"ListItem","position":2,"name":"Produkten","item":"https://www.eelabels.com/de/produkten/"},{"@type":"ListItem","position":3,"name":"Festivalbändchen"}]},{"@type":"WebSite","@id":"https://www.eelabels.com/#website","url":"https://www.eelabels.com/","name":"EE Labels","description":"Specialist in geweven labels, gedrukte labels, hangtags &amp; branding","potentialAction":[{"@type":"SearchAction","target":{"@type":"EntryPoint","urlTemplate":"https://www.eelabels.com/?s={search_term_string}"},"query-input":{"@type":"PropertyValueSpecification","valueRequired":true,"valueName":"search_term_string"}}],"inLanguage":"de"}]}</script>
<!-- / Yoast SEO plugin. -->

Festivalbändchen - EE Labels

EE Labelpack entwirft, druckt und webt Festivalbändchen, Armbändchen oder ID-Bändchen.
