{"id":17805,"date":"2017-10-12T00:00:00","date_gmt":"2017-10-12T00:00:00","guid":{"rendered":"https:\/\/www.eelabels.comprodukten\/labels-gerecycled-garen\/"},"modified":"2022-03-17T14:47:05","modified_gmt":"2022-03-17T14:47:05","slug":"labels-gerecycled-garen","status":"publish","type":"page","link":"https:\/\/www.eelabels.com\/de\/produkten\/labels-gerecycled-garen\/","title":{"rendered":"Etiketten aus recyceltem Garn"},"content":{"rendered":"<h1>Etiketten aus recyceltem Garn<\/h1>\n<p>Zunehmend entscheiden sich unsere Kunden f\u00fcr Webetiketten aus Recyclinggarn. Garn, das zu 100% aus PET-Flaschen hergestellt wird. So bekommt Kunststoff ein neues, zweites Leben. EE Labels h\u00e4lt es f\u00fcr wichtig, bei nachhaltigen L\u00f6sungen an vorderster Front zu stehen.<\/p>\n<p>Deshalb produzieren wir f\u00fcr unsere Kunden immer mehr Etiketten f\u00fcr recycelte Kleidung. Damit wollen wir auf den wachsenden Wunsch nach nachhaltigem Unternehmertum reagieren.<\/p>\n","protected":false},"excerpt":{"rendered":"<p>Etiketten aus recyceltem Garn Zunehmend entscheiden sich unsere Kunden f\u00fcr Webetiketten aus Recyclinggarn. Garn, das zu 100% aus PET-Flaschen hergestellt wird. So bekommt Kunststoff ein neues, zweites Leben. EE Labels h\u00e4lt es f\u00fcr wichtig, bei nachhaltigen L\u00f6sungen an vorderster Front zu stehen. Deshalb produzieren wir f\u00fcr unsere Kunden immer mehr Etiketten f\u00fcr recycelte Kleidung. Damit [&#8230;]<\/p>\n<p><a class=\"btn btn-dark understrap-read-more-link\" href=\"https:\/\/www.eelabels.com\/de\/produkten\/labels-gerecycled-garen\/\">Weiterlesen\u00a0\u2026<span class=\"screen-reader-text\"> from Etiketten aus recyceltem Garn<\/span><\/a><\/p>\n","protected":false},"author":1,"featured_media":16111,"parent":13631,"menu_order":0,"comment_status":"open","ping_status":"open","template":"template-custom\/product-single-menu.php","meta":{"_acf_changed":false,"footnotes":""},"class_list":["post-17805","page","type-page","status-publish","has-post-thumbnail","hentry"],"acf":[],"yoast_head":"<!-- This site is optimized with the Yoast SEO plugin v24.6 - https:\/\/yoast.com\/wordpress\/plugins\/seo\/ -->\n<title>Etiketten aus recyceltem Garn - EE Labels<\/title>\n<meta name=\"description\" content=\"Etiketten aus recyceltem Garn: Webetiketten aus Recyclinggarn. Etiketten mit Garn das zu 100% aus PET-Flaschen hergestellt wird.\" \/>\n<meta name=\"robots\" content=\"index, follow, max-snippet:-1, max-image-preview:large, max-video-preview:-1\" \/>\n<link rel=\"canonical\" href=\"https:\/\/www.eelabels.com\/de\/produkten\/labels-gerecycled-garen\/\" \/>\n<meta property=\"og:locale\" content=\"de_DE\" \/>\n<meta property=\"og:type\" content=\"article\" \/>\n<meta property=\"og:title\" content=\"Etiketten aus recyceltem Garn - EE Labels\" \/>\n<meta property=\"og:description\" content=\"Etiketten aus recyceltem Garn: Webetiketten aus Recyclinggarn. Etiketten mit Garn das zu 100% aus PET-Flaschen hergestellt wird.\" \/>\n<meta property=\"og:url\" content=\"https:\/\/www.eelabels.com\/de\/produkten\/labels-gerecycled-garen\/\" \/>\n<meta property=\"og:site_name\" content=\"EE Labels\" \/>\n<meta property=\"article:modified_time\" content=\"2022-03-17T14:47:05+00:00\" \/>\n<meta property=\"og:image\" content=\"https:\/\/www.eelabels.com\/wp-content\/uploads\/2019\/03\/ee-labels-_recycled-labels_woven-labels_sustainable-branding-e1568281979202.jpg\" \/>\n\t<meta property=\"og:image:width\" content=\"1800\" \/>\n\t<meta property=\"og:image:height\" content=\"473\" \/>\n\t<meta property=\"og:image:type\" content=\"image\/jpeg\" \/>\n<meta name=\"twitter:card\" content=\"summary_large_image\" \/>\n<script type=\"application\/ld+json\" class=\"yoast-schema-graph\">{\"@context\":\"https:\/\/schema.org\",\"@graph\":[{\"@type\":\"WebPage\",\"@id\":\"https:\/\/www.eelabels.com\/de\/produkten\/labels-gerecycled-garen\/\",\"url\":\"https:\/\/www.eelabels.com\/de\/produkten\/labels-gerecycled-garen\/\",\"name\":\"Etiketten aus recyceltem Garn - EE Labels\",\"isPartOf\":{\"@id\":\"https:\/\/www.eelabels.com\/#website\"},\"primaryImageOfPage\":{\"@id\":\"https:\/\/www.eelabels.com\/de\/produkten\/labels-gerecycled-garen\/#primaryimage\"},\"image\":{\"@id\":\"https:\/\/www.eelabels.com\/de\/produkten\/labels-gerecycled-garen\/#primaryimage\"},\"thumbnailUrl\":\"https:\/\/www.eelabels.com\/wp-content\/uploads\/2019\/03\/ee-labels-_recycled-labels_woven-labels_sustainable-branding-e1568281979202.jpg\",\"datePublished\":\"2017-10-12T00:00:00+00:00\",\"dateModified\":\"2022-03-17T14:47:05+00:00\",\"description\":\"Etiketten aus recyceltem Garn: Webetiketten aus Recyclinggarn. Etiketten mit Garn das zu 100% aus PET-Flaschen hergestellt wird.\",\"breadcrumb\":{\"@id\":\"https:\/\/www.eelabels.com\/de\/produkten\/labels-gerecycled-garen\/#breadcrumb\"},\"inLanguage\":\"de\",\"potentialAction\":[{\"@type\":\"ReadAction\",\"target\":[\"https:\/\/www.eelabels.com\/de\/produkten\/labels-gerecycled-garen\/\"]}]},{\"@type\":\"ImageObject\",\"inLanguage\":\"de\",\"@id\":\"https:\/\/www.eelabels.com\/de\/produkten\/labels-gerecycled-garen\/#primaryimage\",\"url\":\"https:\/\/www.eelabels.com\/wp-content\/uploads\/2019\/03\/ee-labels-_recycled-labels_woven-labels_sustainable-branding-e1568281979202.jpg\",\"contentUrl\":\"https:\/\/www.eelabels.com\/wp-content\/uploads\/2019\/03\/ee-labels-_recycled-labels_woven-labels_sustainable-branding-e1568281979202.jpg\",\"width\":1800,\"height\":473,\"caption\":\"Labels van gerecycled garen\"},{\"@type\":\"BreadcrumbList\",\"@id\":\"https:\/\/www.eelabels.com\/de\/produkten\/labels-gerecycled-garen\/#breadcrumb\",\"itemListElement\":[{\"@type\":\"ListItem\",\"position\":1,\"name\":\"Home\",\"item\":\"https:\/\/www.eelabels.com\/de\/\"},{\"@type\":\"ListItem\",\"position\":2,\"name\":\"Produkten\",\"item\":\"https:\/\/www.eelabels.com\/de\/produkten\/\"},{\"@type\":\"ListItem\",\"position\":3,\"name\":\"Etiketten aus recyceltem Garn\"}]},{\"@type\":\"WebSite\",\"@id\":\"https:\/\/www.eelabels.com\/#website\",\"url\":\"https:\/\/www.eelabels.com\/\",\"name\":\"EE Labels\",\"description\":\"Specialist in geweven labels, gedrukte labels, hangtags &amp; branding\",\"potentialAction\":[{\"@type\":\"SearchAction\",\"target\":{\"@type\":\"EntryPoint\",\"urlTemplate\":\"https:\/\/www.eelabels.com\/?s={search_term_string}\"},\"query-input\":{\"@type\":\"PropertyValueSpecification\",\"valueRequired\":true,\"valueName\":\"search_term_string\"}}],\"inLanguage\":\"de\"}]}<\/script>\n<!-- \/ Yoast SEO plugin. -->","yoast_head_json":{"title":"Etiketten aus recyceltem Garn - EE Labels","description":"Etiketten aus recyceltem Garn: Webetiketten aus Recyclinggarn. Etiketten mit Garn das zu 100% aus PET-Flaschen hergestellt wird.","robots":{"index":"index","follow":"follow","max-snippet":"max-snippet:-1","max-image-preview":"max-image-preview:large","max-video-preview":"max-video-preview:-1"},"canonical":"https:\/\/www.eelabels.com\/de\/produkten\/labels-gerecycled-garen\/","og_locale":"de_DE","og_type":"article","og_title":"Etiketten aus recyceltem Garn - EE Labels","og_description":"Etiketten aus recyceltem Garn: Webetiketten aus Recyclinggarn. Etiketten mit Garn das zu 100% aus PET-Flaschen hergestellt wird.","og_url":"https:\/\/www.eelabels.com\/de\/produkten\/labels-gerecycled-garen\/","og_site_name":"EE Labels","article_modified_time":"2022-03-17T14:47:05+00:00","og_image":[{"width":1800,"height":473,"url":"https:\/\/www.eelabels.com\/wp-content\/uploads\/2019\/03\/ee-labels-_recycled-labels_woven-labels_sustainable-branding-e1568281979202.jpg","type":"image\/jpeg"}],"twitter_card":"summary_large_image","schema":{"@context":"https:\/\/schema.org","@graph":[{"@type":"WebPage","@id":"https:\/\/www.eelabels.com\/de\/produkten\/labels-gerecycled-garen\/","url":"https:\/\/www.eelabels.com\/de\/produkten\/labels-gerecycled-garen\/","name":"Etiketten aus recyceltem Garn - EE Labels","isPartOf":{"@id":"https:\/\/www.eelabels.com\/#website"},"primaryImageOfPage":{"@id":"https:\/\/www.eelabels.com\/de\/produkten\/labels-gerecycled-garen\/#primaryimage"},"image":{"@id":"https:\/\/www.eelabels.com\/de\/produkten\/labels-gerecycled-garen\/#primaryimage"},"thumbnailUrl":"https:\/\/www.eelabels.com\/wp-content\/uploads\/2019\/03\/ee-labels-_recycled-labels_woven-labels_sustainable-branding-e1568281979202.jpg","datePublished":"2017-10-12T00:00:00+00:00","dateModified":"2022-03-17T14:47:05+00:00","description":"Etiketten aus recyceltem Garn: Webetiketten aus Recyclinggarn. Etiketten mit Garn das zu 100% aus PET-Flaschen hergestellt wird.","breadcrumb":{"@id":"https:\/\/www.eelabels.com\/de\/produkten\/labels-gerecycled-garen\/#breadcrumb"},"inLanguage":"de","potentialAction":[{"@type":"ReadAction","target":["https:\/\/www.eelabels.com\/de\/produkten\/labels-gerecycled-garen\/"]}]},{"@type":"ImageObject","inLanguage":"de","@id":"https:\/\/www.eelabels.com\/de\/produkten\/labels-gerecycled-garen\/#primaryimage","url":"https:\/\/www.eelabels.com\/wp-content\/uploads\/2019\/03\/ee-labels-_recycled-labels_woven-labels_sustainable-branding-e1568281979202.jpg","contentUrl":"https:\/\/www.eelabels.com\/wp-content\/uploads\/2019\/03\/ee-labels-_recycled-labels_woven-labels_sustainable-branding-e1568281979202.jpg","width":1800,"height":473,"caption":"Labels van gerecycled garen"},{"@type":"BreadcrumbList","@id":"https:\/\/www.eelabels.com\/de\/produkten\/labels-gerecycled-garen\/#breadcrumb","itemListElement":[{"@type":"ListItem","position":1,"name":"Home","item":"https:\/\/www.eelabels.com\/de\/"},{"@type":"ListItem","position":2,"name":"Produkten","item":"https:\/\/www.eelabels.com\/de\/produkten\/"},{"@type":"ListItem","position":3,"name":"Etiketten aus recyceltem Garn"}]},{"@type":"WebSite","@id":"https:\/\/www.eelabels.com\/#website","url":"https:\/\/www.eelabels.com\/","name":"EE Labels","description":"Specialist in geweven labels, gedrukte labels, hangtags &amp; branding","potentialAction":[{"@type":"SearchAction","target":{"@type":"EntryPoint","urlTemplate":"https:\/\/www.eelabels.com\/?s={search_term_string}"},"query-input":{"@type":"PropertyValueSpecification","valueRequired":true,"valueName":"search_term_string"}}],"inLanguage":"de"}]}},"_links":{"self":[{"href":"https:\/\/www.eelabels.com\/de\/wp-json\/wp\/v2\/pages\/17805","targetHints":{"allow":["GET"]}}],"collection":[{"href":"https:\/\/www.eelabels.com\/de\/wp-json\/wp\/v2\/pages"}],"about":[{"href":"https:\/\/www.eelabels.com\/de\/wp-json\/wp\/v2\/types\/page"}],"author":[{"embeddable":true,"href":"https:\/\/www.eelabels.com\/de\/wp-json\/wp\/v2\/users\/1"}],"replies":[{"embeddable":true,"href":"https:\/\/www.eelabels.com\/de\/wp-json\/wp\/v2\/comments?post=17805"}],"version-history":[{"count":6,"href":"https:\/\/www.eelabels.com\/de\/wp-json\/wp\/v2\/pages\/17805\/revisions"}],"predecessor-version":[{"id":21802,"href":"https:\/\/www.eelabels.com\/de\/wp-json\/wp\/v2\/pages\/17805\/revisions\/21802"}],"up":[{"embeddable":true,"href":"https:\/\/www.eelabels.com\/de\/wp-json\/wp\/v2\/pages\/13631"}],"wp:featuredmedia":[{"embeddable":true,"href":"https:\/\/www.eelabels.com\/de\/wp-json\/wp\/v2\/media\/16111"}],"wp:attachment":[{"href":"https:\/\/www.eelabels.com\/de\/wp-json\/wp\/v2\/media?parent=17805"}],"curies":[{"name":"wp","href":"https:\/\/api.w.org\/{rel}","templated":true}]}}

<h1>Etiketten aus recyceltem Garn</h1>
<p>Zunehmend entscheiden sich unsere Kunden für Webetiketten aus Recyclinggarn. Garn, das zu 100% aus PET-Flaschen hergestellt wird. So bekommt Kunststoff ein neues, zweites Leben. EE Labels hält es für wichtig, bei nachhaltigen Lösungen an vorderster Front zu stehen.</p>
<p>Deshalb produzieren wir für unsere Kunden immer mehr Etiketten für recycelte Kleidung. Damit wollen wir auf den wachsenden Wunsch nach nachhaltigem Unternehmertum reagieren.</p>

<p>Etiketten aus recyceltem Garn Zunehmend entscheiden sich unsere Kunden für Webetiketten aus Recyclinggarn. Garn, das zu 100% aus PET-Flaschen hergestellt wird. So bekommt Kunststoff ein neues, zweites Leben. EE Labels hält es für wichtig, bei nachhaltigen Lösungen an vorderster Front zu stehen. Deshalb produzieren wir für unsere Kunden immer mehr Etiketten für recycelte Kleidung. Damit [&#8230;]</p>
<p><a class="btn btn-dark understrap-read-more-link" href="https://www.eelabels.com/de/produkten/labels-gerecycled-garen/">Weiterlesen …<span class="screen-reader-text"> from Etiketten aus recyceltem Garn</span></a></p>
